?
6
Let j(z) = -z**2 + z + 3. Let t(v) = -2*v**2 + 3*v + 5. Let f(m) = -11*j(m) + 6*t(m). Let y = -32 - -35. What is f(y)?
9
Let c(n) = -3*n - 1. Suppose -2*l - 2 = 10. Determine c(l).
17
Let n(p) be the second derivative of -p**4/12 + p**3/3 - 2*p**2 - 4*p. Let j(c) be the first derivative of n(c). Calculate j(5).
-8
Let t(a) be the first derivative of a**4/4 + 8*a**3/3 + 4*a**2 + a - 7. What is t(-7)?
-6
Let x(g) be the first derivative of g**3/3 - g**2/2 - g + 2. Let h be x(2). Let d(b) = 3 + b**2 + 2*b - 7 + h. What is d(2)?
5
Let h(p) = -p**3 - 6*p**2 - 5. Let z = 12 - -20. Let a be z/(-5) - 14/(-35). Give h(a).
-5
Let w(i) = i**3 + 4*i**2 + 3*i - 1. Let g be ((-2)/(-4))/((-5)/(-20)). Suppose -1 = -3*n - g*z, 4*z + 1 = 21. Calculate w(n).
-1
Let w be (-3 + 30/9)*-3. Let o = w + -3. Let i(x) = 5*x + 6. Give i(o).
-14
Let q(r) be the second derivative of -1/20*r**5 + 0 - 1/2*r**3 + 0*r**2 + 4*r + 5/12*r**4. Give q(4).
4
Let s(j) = -j**2 + 6*j - 2. Let n be s(5). Suppose 3*x + 0 = -n. Let v(i) = -3*i**2. Give v(x).
-3
Suppose -12 = 4*a - 0*a. Let y(r) = 2*r**2 + 5*r + 2. Give y(a).
5
Let b(n) be the first derivative of -n**2/2 + n + 1. What is b(-2)?
3
Let k(q) = -q - 1. Let c = 1 + -2. Calculate k(c).
0
Suppose 3*l = 4*a - 15, -5*l = 5*a - l - 11. Let f(x) = x**3 + 3*x**2 + 4 + 3*x - a - 5*x + x. Let u(j) = -j**3 + 5*j**2 - 5*j + 1. Let z be u(4). Give f(z).
4
Let d(r) = r + 2*r**2 - r**3 + r**2 - 6*r**2. Let g(q) = -2*q + 5*q + 0*q. Let c be g(-1). Determine d(c).
-3
Let m(f) = 8*f + 8. Let a(u) = 7*u + 7. Let h(s) = -6*a(s) + 5*m(s). Calculate h(-8).
14
Let f(u) = 4*u**2 + 3*u - 9. Let w(n) = 7*n**2 + 6*n - 17. Let j(i) = -5*f(i) + 3*w(i). Suppose -m = v + 9, -4*v - 16 = 2*m - 3*m. Determine j(v).
4
Let t be 0 - (1 - (-3)/(-1)). Suppose 0 = 2*p - t. Let g be 3/p - (7 - 10). Let q(w) = -w**2 + 5*w + 8. Give q(g).
2
Suppose -j = -h - 8, -2*j - h + 1 + 9 = 0. Let p(a) = a**2 - 6*a - 7. What is p(j)?
-7
Let t(p) = -p**3 + 2 + 0 - 6*p + 13*p + 0*p**2 + p**2. Suppose -4 = 3*g - g. Let v(l) = l**3 - 2*l**2 - 8*l - 2. Let w(s) = g*v(s) - 3*t(s). Calculate w(-3).
-5
Let o(f) be the first derivative of f**5/30 - 5*f**4/24 + 2*f**3/3 - f**2/2 + 6. Let x(b) be the second derivative of o(b). Calculate x(3).
7
Let w(x) = 2 + 4 - 2 - 2*x. What is w(5)?
-6
Let c = -1 + 3. Let p(h) be the first derivative of -2/3*h**3 + 0*h + 2 + 0*h**2. Give p(c).
-8
Let r = 13 + -16. Suppose 3*q = -0*g - g - 10, 3*g + 2*q = -9. Let i(t) = t + 9. Let u(z) = -1. Let f(h) = g*i(h) - 3*u(h). What is f(r)?
-3
Suppose 2*m - 12 = y, 4*m - 21 = 4*y + 11. Let u(h) be the third derivative of -h**6/120 - h**5/20 + 5*h**4/24 + h**2. Calculate u(y).
-4
Let v(c) = c**3 - 6*c**2 - 1. Let m(o) = -6*o**3 + o**2 + o. Suppose -3*r - 5*x - 4 = r, -x = -5*r - 5. Let z be m(r). Calculate v(z).
-1
Let g(i) be the second derivative of i**4/2 + i**3/3 - 2*i**2 + 9*i. Let s(y) = -5*y**2 - y + 3. Let w(r) = -4*g(r) - 5*s(r). Give w(2).
-1
Let f(h) = -3*h - 2. Let s(l) = -l - 8. Let t be s(-4). Give f(t).
10
Let g(u) be the second derivative of 1/12*u**4 + 3/2*u**2 + 0 - 2*u - 1/3*u**3. Calculate g(4).
11
Let i(s) = 4 - 1 + 11*s**2 + s - 2. Let r(m) = m**2 - 4*m - 6. Let p be r(5). Calculate i(p).
11
Let d(c) = -c**3 + c**2. Let h(y) = -4*y**3 - 2*y**2 + y - 1. Let z(j) = d(j) + h(j). Give z(1).
-6
Let t be ((-14)/3 - 2)*(-45)/30. Suppose -g = 3*n - 1, -2*n - 11 = -2*g + n. Let b be 2*(-3 + t/g). Let o(l) = 2*l. Give o(b).
-2
Let o(v) = v**3 + 2*v**2 - 1. Let p = -22 - -21. Give o(p).
0
Let d(v) = -11*v. Let k(t) = -t**3 + 11*t**2 + 13*t - 10. Let m be k(12). Give d(m).
-22
Let j(i) = -4*i - 1. Suppose 5*v = 0, d + 3*v = 2*v + 28. Let p = d - 5. Suppose -4*y = -3*a + 13, 0 = -3*a - 6*y + y - p. What is j(a)?
3
Let h(c) be the third derivative of c**4/24 - 4*c**3/3 + c**2. Suppose 0*v = 5*v + 10, -5*d + 5*v + 5 = 0. Let n = -1 - d. Calculate h(n).
-8
Let f(j) = -j - 9. Let b(w) = w**3 - 20*w**2 + 18*w + 11. Let k be b(19). Calculate f(k).
-1
Suppose i + 5*d + 19 + 5 = 0, 20 = -4*d. Let u(n) = 3*n - 2. Let z(k) = -k - 1. Suppose 5 - 2 = -3*o. Let g(w) = o*u(w) + 3*z(w). What is g(i)?
-7
Let x(o) = -o + 10. Suppose 3*d - 32 = j, d - 3*j + 4 = 2*d. Determine x(d).
0
Let p(r) = -r**2 + 3*r + 2. Let s(d) = -2*d - 2. Let m be s(0). What is p(m)?
-8
Let y(c) = -2*c**2 + 5 - 3*c - 2*c**2 - c**3 + 10*c. Let q = 6 + -11. Calculate y(q).
-5
Let b = -3 + 8. Suppose l - 5 = h - 0*h, 4*l - h - b = 0. Let m(z) be the first derivative of -z**4/4 - z**3/3 + z**2/2 - 5*z - 8. Give m(l).
-5
Let u(x) = 2*x**3 + 3*x**2. Suppose 3*f - 2*f - 5*t = 0, 0 = -4*t. Let d be 12*3*(-1)/(-9). Suppose 0 = -d*l - f - 8. Calculate u(l).
-4
Let u(i) = i**2 - 4*i + 7. Let w(n) = -2*n**2 + 5*n - 8. Let a(y) = -4*u(y) - 3*w(y). Determine a(4).
32
Let l(b) be the second derivative of b**3/6 + 5*b**2 + 18*b. Determine l(-6).
4
Let p(y) = 4*y**3 - 5*y**2 + 6*y - 7. Let n(w) = -11*w**3 + 14*w**2 - 17*w + 20. Let a(c) = -6*n(c) - 17*p(c). Determine a(-1).
2
Let t(h) = h**3 + 5*h**2 + 4*h + 2. Let n be t(-4). Let x(v) = 2 - 3 - 2*v**2 + 4*v**n. What is x(1)?
1
Let n(z) = -1 + 53*z**3 - 60*z**3 + 2 - z**2. Calculate n(-1).
7
Let w = 39 - 47. Let l(c) = c. Calculate l(w).
-8
Let r(f) = f**3 - 10*f**2 + 2. Let g be r(10). Let y(i) be the first derivative of 3/2*i**2 + g + i + i**3. Calculate y(-2).
7
Let w(a) = 3 - 1 + 8*a**2 + 3. Let h(i) = 44*i - 3*i**2 - 44*i - 2. Let p(j) = -11*h(j) - 4*w(j). Calculate p(2).
6
Let a = 20 - 23. Let x(b) = 2*b. Let l(t) = -5*t - 1. Let m(o) = a*l(o) - 8*x(o). Give m(-3).
6
Let c(q) be the third derivative of -1/6*q**3 - 1/12*q**4 + 1/10*q**5 + 5*q**2 + 0*q + 0. Give c(-1).
7
Let g(f) = 2*f + 17. Let l(r) = 3*r + 25. Let n(b) = -7*g(b) + 5*l(b). Let m be (-8)/28 + 24/(-14). Let o be 10*(6/4 + m). Calculate n(o).
1
Let l(t) = 3*t. Let a(x) = 4*x - 1. Let p(b) = 4*a(b) - 5*l(b). Let z be 8/(-2) - (4 + -3). Let d = z + 9. What is p(d)?
0
Let l(m) = -m**3 + m**2 - m + 5. Suppose -9 = -5*i + 6. Suppose -i*j = j. Give l(j).
5
Suppose -7*q + 10 + 4 = 0. Let w(t) = 7*t**2 - 3*t + 1. Determine w(q).
23
Suppose -2*h + 0 = -j - 6, -h = 5*j - 25. Let g(y) = -y - 4. Let x be g(-6). Let c(w) = 0*w - 11 + 3*w - x*w. Calculate c(h).
-6
Let r(f) be the first derivative of -f**4/4 + 7*f**3/3 - 5*f**2/2 + f - 36. Give r(6).
7
Let t be 22/99 - (-130)/(-18). Let v(o) = o**2 + 6*o - 9. What is v(t)?
-2
Let z(q) = -5*q**2 + 11*q + 6. Let d(x) = 2*x**2 - 5*x - 3. Let y(n) = -7*d(n) - 3*z(n). Suppose -2 - 2 = 4*h - r, h - 5*r - 18 = 0. Calculate y(h).
3
Let f(n) = 23*n**2 - 7*n**3 - 20*n**2 + 6*n**3 + n. What is f(3)?
3
Let x(f) = 2 - 4 + 3*f - 4 + 3. Give x(2).
3
Let q(w) be the first derivative of -w**3/3 + 19. What is q(1)?
-1
Let j(u) be the third derivative of u**6/120 + u**5/10 + u**4/6 + u**3/3 - u**2. Let s be j(-5). Let k = -4 + s. Let a(q) = q**3 - 2*q**2 - 4*q - 1. Give a(k).
-4
Let w(q) = -q + 0 + 0. Let p(z) = -z**3 - 14*z**2 - 13*z + 6. Let i be p(-13). What is w(i)?
-6
Let g(i) = i**2 + 4*i - 10. Suppose -5*v + 4*m - 43 = -0*m, -5*v - 37 = -m. Determine g(v).
11
Let y(a) be the second derivative of -a**3/6 + 24*a. Let b be (3/2)/((-3)/4). Calculate y(b).
2
Let a(b) = -2*b - 4. Suppose 0 = 5*o + n + 2*n + 11, 4*n = -3*o. Give a(o).
4
Let x(s) = -3 + 0*s**2 + 2 + s + 2 - s**2. Suppose 5*a + 5*j = a + 22, -3*a - 2*j = -13. Determine x(a).
-5
Let a(w) be the second derivative of 1/6*w**4 + 2/3*w**3 + 0 + 3/2*w**2 + w. Let t(d) = -d**3 + 10*d**2 - 2. Let z be t(10). What is a(z)?
3
Let w = 3 - 0. Let o(b) be the first derivative of 1/3*b**3 - 6 - 3/2*b**2 + 2*b. What is o(w)?
2
Let k be (-4)/12 - 16/6. Let j(i) = 6*i + 0*i + 1 - 4*i. What is j(k)?
-5
Let m be 0/(-1*(-2)/2). Suppose 0 = -m*l + 5*l + 20. Let r = l + 6. Let h(p) = -2*p - 2. Calculate h(r).
-6
Let s(j) be the third derivative of j**6/120 - j**5/15 - j**4/8 - 5*j**3/6 + 5*j**2. Give s(5).
5
Let s = -112 + 119. Let m(i) = i. Determine m(s).
7
Let x(l) = l**3 + 5*l**2 + 4*l + 4. Let m be ((-12)/5)/(2/(-5)). Suppose -2 + m = -2*g, -2*p + g - 4 = 0. Determine x(p).
10
Let s(z) = z + 1. Let f be s(-3). Let l be 1/1 + 2 + -1. Let v(i) = 1 + 3*i**2 - l - 4*i**2. Determine v(f).
-5
Suppose 0*h + 3 = -3*h. Let n(v) = 18*v**2 + v. What is n(h)?
17
Let p = 5 - 10. Let 